 base 16?
26
6 (base 10) to base 11
6
Convert 1 (base 9) to base 15.
1
What is -212 (base 7) in base 11?
-98
1100 (base 3) to base 14
28
0 (base 15) to base 3
0
-5 (base 16) to base 12
-5
Convert -12 (base 6) to base 9.
-8
What is 23 (base 4) in base 3?
102
What is -26 (base 7) in base 11?
-19
21 (base 16) to base 7
45
What is 12 (base 3) in base 9?
5
-ac (base 15) to base 7
-321
Convert -140 (base 6) to base 4.
-330
Convert -24 (base 7) to base 13.
-15
Convert -1 (base 13) to base 8.
-1
-6 (base 8) to base 2
-110
What is 12 (base 12) in base 8?
16
-3 (base 5) to base 7
-3
1 (base 11) to base 10
1
What is -4 (base 13) in base 14?
-4
What is 220 (base 4) in base 3?
1111
1 (base 4) to base 6
1
What is -6 (base 9) in base 2?
-110
What is 43 (base 11) in base 12?
3b
Convert -10 (base 3) to base 4.
-3
Convert 41 (base 8) to base 12.
29
143 (base 6) to base 11
58
Convert -25 (base 6) to base 2.
-10001
Convert -2 (base 4) to base 12.
-2
What is 1111 (base 2) in base 3?
120
9 (base 16) to base 9
10
-1 (base 7) to base 3
-1
15a (base 11) to base 10
186
2 (base 5) to base 2
10
-18 (base 9) to base 16
-11
10100001 (base 2) to base 10
161
2 (base 7) to base 6
2
What is -4 (base 12) in base 6?
-4
-10 (base 8) to base 9
-8
-221 (base 5) to base 10
-61
What is -3 (base 13) in base 14?
-3
What is -30 (base 10) in base 9?
-33
-23 (base 14) to base 2
-11111
Convert -2 (base 8) to base 16.
-2
Convert -14 (base 8) to base 16.
-c
-171 (base 13) to base 11
-218
1 (base 12) to base 4
1
What is 215 (base 8) in base 9?
166
Convert 2 (base 6) to base 3.
2
244 (base 8) to base 16
a4
-51 (base 10) to base 12
-43
-2 (base 4) to base 3
-2
3 (base 13) to base 7
3
Convert 3 (base 7) to base 6.
3
Convert 5 (base 16) to base 14.
5
Convert -1 (base 9) to base 4.
-1
Convert 0 (base 11) to base 6.
0
33 (base 5) to base 6
30
What is -46 (base 10) in base 12?
-3a
What is 35 (base 11) in base 3?
1102
Convert -156 (base 11) to base 10.
-182
6 (base 11) to base 5
11
11122 (base 3) to base 14
8d
Convert -e (base 15) to base 16.
-e
Convert 27 (base 13) to base 8.
41
Convert 2 (base 16) to base 9.
2
Convert 3 (base 15) to base 12.
3
What is -166 (base 14) in base 2?
-100011110
Convert -4 (base 8) to base 2.
-100
1 (base 12) to base 9
1
-11001 (base 2) to base 10
-25
Convert -3 (base 4) to base 9.
-3
Convert 2 (base 8) to base 12.
2
What is -32 (base 6) in base 9?
-22
What is -cb (base 13) in base 3?
-20012
-ad (base 14) to base 12
-109
Convert -1 (base 13) to base 10.
-1
7 (base 11) to base 9
7
Convert 2 (base 3) to base 10.
2
-1101 (base 4) to base 3
-10000
11 (base 12) to base 5
23
What is 2 (base 13) in base 6?
2
-23 (base 12) to base 4
-123
10110001 (base 2) to base 15
bc
7a (base 15) to base 4
1303
What is -21 (base 7) in base 14?
-11
Convert -14 (base 14) to base 12.
-16
1010 (base 3) to base 14
22
-7 (base 9) to base 6
-11
What is 20 (base 11) in base 16?
16
-6e (base 15) to base 2
-1101000
-444 (base 5) to base 7
-235
0 (base 4) to base 7
0
Convert 4 (base 5) to base 2.
100
What is 0 (base 11) in base 4?
0
What is 58 (base 9) in base 5?
203
Convert -2 (base 3) to base 13.
-2
Convert 100100 (base 2) to base 11.
33
Convert -11 (base 7) to base 11.
-8
Convert 10 (base 4) to base 12.
4
Convert -262 (base 9) to base 5.
-1333
1 (base 9) to base 4
1
Convert 3 (base 10) to base 2.
11
1 (base 5) to base 4
1
What is 4 (base 15) in base 8?
4
What is 1a (base 13) in base 5?
43
-57 (base 13) to base 6
-200
What is 3 (base 4) in base 15?
3
Convert 12 (base 3) to base 15.
5
11 (base 3) to base 13
4
What is -29 (base 10) in base 2?
-11101
Convert 80 (base 10) to base 3.
2222
15 (base 13) to base 3
200
What is 411 (base 6) in base 13?
b8
What is 18 (base 16) in base 14?
1a
-2 (base 5) to base 14
-2
What is -3 (base 8) in base 11?
-3
11 (base 4) to base 16
5
Convert 0 (base 5) to base 16.
0
Convert 13 (base 6) to base 5.
14
-1 (base 7) to base 15
-1
Convert -51 (base 7) to base 4.
-210
What is -101 (base 3) in base 16?
-a
Convert -56 (base 9) to base 13.
-3c
What is -2 (base 3) in base 10?
-2
What is 84 (base 12) in base 5?
400
21 (base 15) to base 8
37
102 (base 6) to base 16
26
6 (base 15) to base 3
20
What is 1 (base 5) in base 12?
1
Convert -16b (base 16) to base 14.
-1bd
What is -4 (base 9) in base 14?
-4
What is 7 (base 9) in base 7?
10
129 (base 12) to base 15
bc
-24 (base 7) to base 11
-17
What is -6 (base 12) in base 15?
-6
Convert -11 (base 5) to base 3.
-20
What is 8 (base 14) in base 15?
8
What is 4 (base 8) in base 2?
100
What is -14 (base 5) in base 14?
-9
Convert -121 (base 3) to base 14.
-12
Convert 1 (base 4) to base 11.
1
What is -17 (base 12) in base 10?
-19
-2 (base 3) to base 7
-2
100 (base 3) to base 12
9
Convert 77 (base 14) to base 4.
1221
Convert 5c (base 15) to base 4.
1113
Convert 53 (base 10) to base 9.
58
What is a (base 15) in base 13?
a
Convert -2 (base 10) to base 14.
-2
What is 1 (base 13) in base 2?
1
Convert 2102 (base 3) to base 4.
1001
What is 0 (base 5) in base 15?
0
Convert 0 (base 8) to base 9.
0
Convert -51 (base 14) to base 12.
-5b
What is -1f (base 16) in base 8?
-37
Convert -10 (base 4) to base 6.
-4
-2 (base 12) to base 2
-10
38 (base 13) to base 9
52
31 (base 7) to base 12
1a
Convert 1 (base 15) to base 13.
1
Convert -1001000 (base 2) to base 11.
-66
Convert -1 (base 6) to base 12.
-1
Convert -5 (base 6) to base 2.
-101
Convert -1e (base 15) to base 14.
-21
Convert -21 (base 4) to base 16.
-9
Convert 10101 (base 2) to base 12.
19
What is 6 (base 13) in base 16?
6
What is 41 (base 16) in base 15?
45
Convert 6 (base 14) to base 11.
6
What is 42 (base 12) in base 7?
101
Convert -125 (base 13) to base 15.
-d5
What is -12001 (base 3) in base 2?
-10001000
Convert 4 (base 14) to base 16.
4
What is a (base 11) in base 13?
a
1 (base 5) to base 7
1
-22 (base 6) to base 9
-15
Convert 35 (base 6) to base 5.
43
What is 2 (base 4) in base 3?
2
-6 (base 14) to base 10
-6
What is -1 (base 4) in base 8?
-1
4 (base 10) to base 13
4
What is -4 (base 8) in base 4?
-10
What is 166 (base 8) in base 16?
76
Convert 2 (base 7) to base 6.
2
What is -3 (base 4) in base 8?
-3
What is -11 (base 7) in base 3?
-22
What is -5 (base 10) in base 3?
-12
What is -1 (base 15) in base 14?
-1
11 (base 5) to base 11
6
Convert -144 (base 6) to base 11.
-59
What is -184 (base 9) in base 6?
-421
18 (base 9) to base 11
16
Convert 38 (base 15) to base 14.
3b
What is -8 (base 15) in base 8?
-10
What is -8 (base 11) in base 2?
-1000
What is 1 (base 11) in base 5?
1
3 (base 12) to base 4
3
What is -8 (base 10) in base 12?
-8
-55 (base 6) to base 12
-2b
What is 15 (base 6) in base 3?
102
Convert b (base 16) to base 2.
1011
Convert 29 (base 10) to base 4.
131
What is b (base 16) in base 4?
23
Convert -1 (base 2) to base 8.
-1
-2 (base 13) to base 14
-2
What is -22 (base 6) in base 4?
-32
-107 (base 8) to base 13
-56
-2 (base 3) to base 15
-2
-14 (base 16) to base 5
-40
0 (base 14) to base 11
0
13 (base 12) to base 14
11
Convert 152 (base 7) to base 9.
105
What is -10 (base 2) in base 9?
-2
Convert -19 (base 16) to base 14.
-1b
1e (base 15) to base 10
29
What is -36 (base 12) in base 3?
-1120
Convert 111 (base 3) to base 14.
d
-18 (base 13) to base 10
-21
-80 (base 10) to base 16
-50
Convert 101 (base 2) to base 8.
5
-210 (base 11) to base 10
-253
-5 (base 8) to base 12
-5
-6 (base 14) to base 12
-6
Convert -2 (base 5) to base 6.
-2
Convert -5 (base 10) to base 14.
-5
Convert -10 (base 4) to base 11.
-4
What is b (base 12) in base 11?
10
Convert -11100001 (base 2) to base 6.
-1013
-15 (base 11) to base 5
-31
-55 (base 8) to base 12
-39
What is 321 (base 4) in base 9?
63
-a2 (base 14) to base 13
-ac
What is 1 (base 16) in base 6?
1
Convert -2 (base 13) to base 12.
-2
10212 (base 3) to base 6
252
Convert 109 (base 11) to base 5.
1010
What is -22 (base 14) in base 5?
-110
0 (base 15) to base 5
0
Convert 312 (base 4) to base 8.
66
-3 (base 6) to base 15
-3
Convert 12 (base 8) to base 4.
22
Convert 10 (base 2) to base 11.
2
341 (base 6) to base 2
10000101
-3 (base 12) to base 4
-3
-3 (base 6) to base 15
-3
-b7 (base 15) to base 6
-444
Convert -3 (base 9) to base 11.
-3
-6 (base 14) to base 11
-6
What is -10 (base 8) in base 5?
-13
What is 18 (base 12) in base 10?
20
What is -c2 (base 14) in base 10?
-1